{"id":100,"date":"2016-10-24T20:21:56","date_gmt":"2016-10-24T18:21:56","guid":{"rendered":"http:\/\/localhost\/wordpress2\/?page_id=100"},"modified":"2017-05-21T16:12:12","modified_gmt":"2017-05-21T14:12:12","slug":"kontakt","status":"publish","type":"page","link":"http:\/\/www.shg-schlaganfall-aphasie-shk.de\/?page_id=100","title":{"rendered":"Partner"},"content":{"rendered":"<h2>Landesverband Th\u00fcringen f\u00fcr die Rehabilitation der Aphasiker e.V.<\/h2>\n<p><a href=\"http:\/\/www.aphasiker-thueringen.de\/\">http:\/\/www.aphasiker-thueringen.de\/<\/a><\/p>\n<h2>Professionelle Pflege Beratung Marko G\u00fcnther<\/h2>\n<p><a href=\"http:\/\/www.pp-beratung.de\/\">http:\/\/www.pp-beratung.de\/<\/a><\/p>\n<h2>Praxis f\u00fcr Logop\u00e4die Nadine H\u00f6ber<\/h2>\n<p><a href=\"http:\/\/www.logopaedie-eisenberg.de\/\">http:\/\/www.logopaedie-hermsdorf.de\/<\/a><\/p>\n<h2>Schlaganfallzentrum Erfurt<\/h2>\n<p><a href=\"http:\/\/www.schlaganfall-erfurt.de\/\">http:\/\/www.schlaganfall-erfurt.de\/\/<\/a><\/p>\n","protected":false},"excerpt":{"rendered":"<p>Landesverband Th\u00fcringen f\u00fcr die Rehabilitation der Aphasiker e.V. http:\/\/www.aphasiker-thueringen.de\/ Professionelle Pflege Beratung Marko G\u00fcnther http:\/\/www.pp-beratung.de\/ Praxis f\u00fcr Logop\u00e4die Nadine H\u00f6ber http:\/\/www.logopaedie-hermsdorf.de\/ Schlaganfallzentrum Erfurt http:\/\/www.schlaganfall-erfurt.de\/\/<\/p>\n","protected":false},"author":5,"featured_media":0,"parent":0,"menu_order":0,"comment_status":"closed","ping_status":"closed","template":"","meta":[],"_links":{"self":[{"href":"http:\/\/www.shg-schlaganfall-aphasie-shk.de\/index.php?rest_route=\/wp\/v2\/pages\/100"}],"collection":[{"href":"http:\/\/www.shg-schlaganfall-aphasie-shk.de\/index.php?rest_route=\/wp\/v2\/pages"}],"about":[{"href":"http:\/\/www.shg-schlaganfall-aphasie-shk.de\/index.php?rest_route=\/wp\/v2\/types\/page"}],"author":[{"embeddable":true,"href":"http:\/\/www.shg-schlaganfall-aphasie-shk.de\/index.php?rest_route=\/wp\/v2\/users\/5"}],"replies":[{"embeddable":true,"href":"http:\/\/www.shg-schlaganfall-aphasie-shk.de\/index.php?rest_route=%2Fwp%2Fv2%2Fcomments&post=100"}],"version-history":[{"count":5,"href":"http:\/\/www.shg-schlaganfall-aphasie-shk.de\/index.php?rest_route=\/wp\/v2\/pages\/100\/revisions"}],"predecessor-version":[{"id":187,"href":"http:\/\/www.shg-schlaganfall-aphasie-shk.de\/index.php?rest_route=\/wp\/v2\/pages\/100\/revisions\/187"}],"wp:attachment":[{"href":"http:\/\/www.shg-schlaganfall-aphasie-shk.de\/index.php?rest_route=%2Fwp%2Fv2%2Fmedia&parent=100"}],"curies":[{"name":"wp","href":"https:\/\/api.w.org\/{rel}","templated":true}]}}

<h2>Landesverband Thüringen für die Rehabilitation der Aphasiker e.V.</h2>
<p><a href="http://www.aphasiker-thueringen.de/">http://www.aphasiker-thueringen.de/</a></p>
<h2>Professionelle Pflege Beratung Marko Günther</h2>
<p><a href="http://www.pp-beratung.de/">http://www.pp-beratung.de/</a></p>
<h2>Praxis für Logopädie Nadine Höber</h2>
<p><a href="http://www.logopaedie-eisenberg.de/">http://www.logopaedie-hermsdorf.de/</a></p>
<h2>Schlaganfallzentrum Erfurt</h2>
<p><a href="http://www.schlaganfall-erfurt.de/">http://www.schlaganfall-erfurt.de//</a></p>

<p>Landesverband Thüringen für die Rehabilitation der Aphasiker e.V. http://www.aphasiker-thueringen.de/ Professionelle Pflege Beratung Marko Günther http://www.pp-beratung.de/ Praxis für Logopädie Nadine Höber http://www.logopaedie-hermsdorf.de/ Schlaganfallzentrum Erfurt http://www.schlaganfall-erfurt.de//</p>
