{"id":75,"date":"2016-10-09T20:57:32","date_gmt":"2016-10-09T18:57:32","guid":{"rendered":"http:\/\/localhost\/wordpress2\/?page_id=75"},"modified":"2018-09-10T22:33:44","modified_gmt":"2018-09-10T20:33:44","slug":"seite2","status":"publish","type":"page","link":"http:\/\/www.shg-schlaganfall-aphasie-shk.de\/?page_id=75","title":{"rendered":"Termine"},"content":{"rendered":"<section class=\"termin\">\n<div class=\"termin-detail\">07.11.2018 15:00:00 Uhr<\/div>\n<div class=\"termin-text\">Unser Treffen im November findet im Caf\u00e9 Kleeblatt in Hermsdorf, Gr\u00fcnst\u00e4dter Platz 1 statt.<\/div>\n<div class=\"termin-text\">Zielort und Routenplanung bei <a href=\"https:\/\/www.google.de\/maps\/place\/50%C2%B054'16.9%22N+11%C2%B050'44.9%22E\">Google Maps<\/a>.<\/div>\n<p><\/p>\n<div class=\"termin-text\">Wir treffen uns mit der Selbsthilfegruppe aus Gera.<\/div>\n<p><\/p>\n<div class=\"termin-person\">Nadine H\u00f6ber<\/div>\n<\/section>\n<section class=\"termin\">\n<div class=\"termin-detail\">07.06.20187 14:00:00 Uhr<\/div>\n<div class=\"termin-text\">Unser Treffen im Juni findet im Tierpark Gera statt.<\/div>\n<div class=\"termin-text\">Zielort und Routenplanung bei <a href=\"https:\/\/www.google.de\/maps\/place\/Tierpark+Gera\">Google Maps<\/a>.<\/div>\n<p><\/p>\n<div class=\"termin-text\">Wir treffen uns mit der Selbsthilfegruppe aus Gera.<\/div>\n<p><\/p>\n<div class=\"termin-person\">Nadine H\u00f6ber<\/div>\n<\/section>\n<section class=\"termin\">\n<div class=\"termin-detail\">03.05.2018 15:00:00 Uhr<\/div>\n<div class=\"termin-text\">Unser Treffen im Mai findet im Planetarium Jena statt.<\/div>\n<p><\/p>\n<div class=\"termin-text\">Wir treffen uns mit der Selbsthilfegruppe aus Jena.<\/div>\n<p><\/p>\n<div class=\"termin-person\">Nadine H\u00f6ber<\/div>\n<\/section>\n<section class=\"termin\">\n<div class=\"termin-detail\">05.04.2018 15:00:00 Uhr<\/div>\n<div class=\"termin-text\">Unser Treffen im April findet in der Moritzklinik in Bad Klosterlausnitz statt.<\/div>\n<p><\/p>\n<div class=\"termin-person\">Nadine H\u00f6ber<\/div>\n<\/section>\n<section class=\"termin\">\n<div class=\"termin-detail\">02.03.2018 15:00:00 Uhr<\/div>\n<div class=\"termin-text\">Unser Treffen im M\u00e4rz findet in der Moritzklinik in Bad Klosterlausnitz statt.<\/div>\n<p><\/p>\n<div class=\"termin-person\">Nadine H\u00f6ber<\/div>\n<\/section>\n<section class=\"termin\">\n<div class=\"termin-detail\">02.02.2018 15:00:00 Uhr<\/div>\n<div class=\"termin-text\">Unser Treffen im Februar findet auf der Bowlingbahn in Hermsdorf statt.<\/div>\n<p><\/p>\n<div class=\"termin-person\">Nadine H\u00f6ber<\/div>\n<\/section>\n","protected":false},"excerpt":{"rendered":"<p>07.11.2018 15:00:00 Uhr Unser Treffen im November findet im Caf\u00e9 Kleeblatt in Hermsdorf, Gr\u00fcnst\u00e4dter Platz 1 statt. Zielort und Routenplanung bei Google Maps. Wir treffen uns mit der Selbsthilfegruppe aus Gera. Nadine H\u00f6ber 07.06.20187 14:00:00 Uhr Unser Treffen im Juni findet im Tierpark Gera statt. Zielort und Routenplanung bei Google Maps. Wir treffen uns mit &hellip; <a href=\"http:\/\/www.shg-schlaganfall-aphasie-shk.de\/?page_id=75\" class=\"more-link\"><span class=\"screen-reader-text\">&#8222;Termine&#8220; <\/span>weiterlesen<\/a><\/p>\n","protected":false},"author":4,"featured_media":0,"parent":0,"menu_order":0,"comment_status":"closed","ping_status":"closed","template":"","meta":[],"_links":{"self":[{"href":"http:\/\/www.shg-schlaganfall-aphasie-shk.de\/index.php?rest_route=\/wp\/v2\/pages\/75"}],"collection":[{"href":"http:\/\/www.shg-schlaganfall-aphasie-shk.de\/index.php?rest_route=\/wp\/v2\/pages"}],"about":[{"href":"http:\/\/www.shg-schlaganfall-aphasie-shk.de\/index.php?rest_route=\/wp\/v2\/types\/page"}],"author":[{"embeddable":true,"href":"http:\/\/www.shg-schlaganfall-aphasie-shk.de\/index.php?rest_route=\/wp\/v2\/users\/4"}],"replies":[{"embeddable":true,"href":"http:\/\/www.shg-schlaganfall-aphasie-shk.de\/index.php?rest_route=%2Fwp%2Fv2%2Fcomments&post=75"}],"version-history":[{"count":34,"href":"http:\/\/www.shg-schlaganfall-aphasie-shk.de\/index.php?rest_route=\/wp\/v2\/pages\/75\/revisions"}],"predecessor-version":[{"id":215,"href":"http:\/\/www.shg-schlaganfall-aphasie-shk.de\/index.php?rest_route=\/wp\/v2\/pages\/75\/revisions\/215"}],"wp:attachment":[{"href":"http:\/\/www.shg-schlaganfall-aphasie-shk.de\/index.php?rest_route=%2Fwp%2Fv2%2Fmedia&parent=75"}],"curies":[{"name":"wp","href":"https:\/\/api.w.org\/{rel}","templated":true}]}}

<section class="termin">
<div class="termin-detail">07.11.2018 15:00:00 Uhr</div>
<div class="termin-text">Unser Treffen im November findet im Café Kleeblatt in Hermsdorf, Grünstädter Platz 1 statt.</div>
<div class="termin-text">Zielort und Routenplanung bei <a href="https://www.google.de/maps/place/50%C2%B054'16.9%22N+11%C2%B050'44.9%22E">Google Maps</a>.</div>
<p></p>
<div class="termin-text">Wir treffen uns mit der Selbsthilfegruppe aus Gera.</div>
<p></p>
<div class="termin-person">Nadine Höber</div>
</section>
<section class="termin">
<div class="termin-detail">07.06.20187 14:00:00 Uhr</div>
<div class="termin-text">Unser Treffen im Juni findet im Tierpark Gera statt.</div>
<div class="termin-text">Zielort und Routenplanung bei <a href="https://www.google.de/maps/place/Tierpark+Gera">Google Maps</a>.</div>
<p></p>
<div class="termin-text">Wir treffen uns mit der Selbsthilfegruppe aus Gera.</div>
<p></p>
<div class="termin-person">Nadine Höber</div>
</section>
<section class="termin">
<div class="termin-detail">03.05.2018 15:00:00 Uhr</div>
<div class="termin-text">Unser Treffen im Mai findet im Planetarium Jena statt.</div>
<p></p>
<div class="termin-text">Wir treffen uns mit der Selbsthilfegruppe aus Jena.</div>
<p></p>
<div class="termin-person">Nadine Höber</div>
</section>
<section class="termin">
<div class="termin-detail">05.04.2018 15:00:00 Uhr</div>
<div class="termin-text">Unser Treffen im April findet in der Moritzklinik in Bad Klosterlausnitz statt.</div>
<p></p>
<div class="termin-person">Nadine Höber</div>
</section>
<section class="termin">
<div class="termin-detail">02.03.2018 15:00:00 Uhr</div>
<div class="termin-text">Unser Treffen im März findet in der Moritzklinik in Bad Klosterlausnitz statt.</div>
<p></p>
<div class="termin-person">Nadine Höber</div>
</section>
<section class="termin">
<div class="termin-detail">02.02.2018 15:00:00 Uhr</div>
<div class="termin-text">Unser Treffen im Februar findet auf der Bowlingbahn in Hermsdorf statt.</div>
<p></p>
<div class="termin-person">Nadine Höber</div>
</section>

<p>07.11.2018 15:00:00 Uhr Unser Treffen im November findet im Café Kleeblatt in Hermsdorf, Grünstädter Platz 1 statt. Zielort und Routenplanung bei Google Maps. Wir treffen uns mit der Selbsthilfegruppe aus Gera. Nadine Höber 07.06.20187 14:00:00 Uhr Unser Treffen im Juni findet im Tierpark Gera statt. Zielort und Routenplanung bei Google Maps. Wir treffen uns mit &hellip; <a href="http://www.shg-schlaganfall-aphasie-shk.de/?page_id=75" class="more-link"><span class="screen-reader-text">&#8222;Termine&#8220; </span>weiterlesen</a></p>
